{"id":434,"date":"2025-08-21T03:16:45","date_gmt":"2025-08-21T03:16:45","guid":{"rendered":"https:\/\/videoteca.svpediatria.org\/?page_id=434"},"modified":"2025-12-26T21:19:43","modified_gmt":"2025-12-26T21:19:43","slug":"prevencion-en-la-escuela","status":"publish","type":"page","link":"https:\/\/videoteca.svpediatria.org\/?page_id=434","title":{"rendered":"Prevenci\u00f3n en la Escuela"},"content":{"rendered":"\t\t<div data-elementor-type=\"wp-page\" data-elementor-id=\"434\" class=\"elementor elementor-434\">\n\t\t\t\t<div class=\"elementor-element elementor-element-0812162 e-flex e-con-boxed e-con e-parent\" data-id=\"0812162\" data-element_type=\"container\" data-e-type=\"container\">\n\t\t\t\t\t<div class=\"e-con-inner\">\n\t\t<div class=\"elementor-element elementor-element-4b9f90d e-con-full e-flex e-con e-child\" data-id=\"4b9f90d\" data-element_type=\"container\" data-e-type=\"container\">\n\t\t<div class=\"elementor-element elementor-element-d9ad037 e-con-full e-flex e-con e-child\" data-id=\"d9ad037\" data-element_type=\"container\" data-e-type=\"container\">\n\t\t<div class=\"elementor-element elementor-element-2a40ad7 e-con-full e-flex e-con e-child\" data-id=\"2a40ad7\" data-element_type=\"container\" data-e-type=\"container\">\n\t\t\t\t<div class=\"elementor-element elementor-element-3837399 elementor-widget elementor-widget-heading\" data-id=\"3837399\" data-element_type=\"widget\" data-e-type=\"widget\" data-widget_type=\"heading.default\">\n\t\t\t\t\t<h2 class=\"elementor-heading-title elementor-size-default\">Prevenci\u00f3n en la Escuela<\/h2>\t\t\t\t<\/div>\n\t\t\t\t<\/div>\n\t\t\t\t<div class=\"elementor-element elementor-element-fc7457d elementor-widget elementor-widget-heading\" data-id=\"fc7457d\" data-element_type=\"widget\" data-e-type=\"widget\" data-widget_type=\"heading.default\">\n\t\t\t\t\t<h5 class=\"elementor-heading-title elementor-size-default\">Curso para maestros: Orientado a prevenir accidentes en la escuela <br>as\u00ed como el manejo de emergencias &lt;desde preescolar hasta bachillerato<\/h5>\t\t\t\t<\/div>\n\t\t\t\t<\/div>\n\t\t\t\t<\/div>\n\t\t\t\t\t<\/div>\n\t\t\t\t<\/div>\n\t\t<div class=\"elementor-element elementor-element-ec784da e-flex e-con-boxed e-con e-parent\" data-id=\"ec784da\" data-element_type=\"container\" data-e-type=\"container\">\n\t\t\t\t\t<div class=\"e-con-inner\">\n\t\t<div class=\"elementor-element elementor-element-8c76f78 e-con-full e-flex e-con e-child\" data-id=\"8c76f78\" data-element_type=\"container\" data-e-type=\"container\">\n\t\t<div class=\"elementor-element elementor-element-469f80d e-grid e-con-full e-con e-child\" data-id=\"469f80d\" data-element_type=\"container\" data-e-type=\"container\">\n\t\t<div class=\"elementor-element elementor-element-7c94936 e-grid e-con-boxed e-con e-child\" data-id=\"7c94936\" data-element_type=\"container\" data-e-type=\"container\">\n\t\t\t\t\t<div class=\"e-con-inner\">\n\t\t\t\t<div class=\"elementor-element elementor-element-5367cad elementor-position-top elementor-widget elementor-widget-image-box\" data-id=\"5367cad\" data-element_type=\"widget\" data-e-type=\"widget\" data-widget_type=\"image-box.default\">\n\t\t\t\t\t<div class=\"elementor-image-box-wrapper\"><figure class=\"elementor-image-box-img\"><a href=\"https:\/\/svpp.vids.io\/videos\/729bdab2191defc8f8\/cuerpos-extranos-en-el-nino-dr-cesar-lares-bigott\" tabindex=\"-1\"><img decoding=\"async\" src=\"https:\/\/videoteca.svpediatria.org\/wp-content\/uploads\/elementor\/thumbs\/poster-ragxxfeav7apw9q0chdo03610sj4timv107bbdpb9w.jpg\" title=\"poster\" alt=\"poster\" class=\"elementor-animation-grow\" loading=\"lazy\" \/><\/a><\/figure><div class=\"elementor-image-box-content\"><h3 class=\"elementor-image-box-title\"><a href=\"https:\/\/svpp.vids.io\/videos\/729bdab2191defc8f8\/cuerpos-extranos-en-el-nino-dr-cesar-lares-bigott\">Cuerpos extra\u00f1os en el ni\u00f1o \u00bfQu\u00e9 hacer?<\/a><\/h3><p class=\"elementor-image-box-description\"><br>Dr. C\u00e9sar Lares Bigott<\/p><\/div><\/div>\t\t\t\t<\/div>\n\t\t\t\t<div class=\"elementor-element elementor-element-51b3a6f elementor-position-top elementor-widget elementor-widget-image-box\" data-id=\"51b3a6f\" data-element_type=\"widget\" data-e-type=\"widget\" data-widget_type=\"image-box.default\">\n\t\t\t\t\t<div class=\"elementor-image-box-wrapper\"><figure class=\"elementor-image-box-img\"><a href=\"https:\/\/svpp.vids.io\/videos\/8c9bdab11b1ce6cc06\/botiquin-y-los-primeros-auxilios-dra-elvia-i-badell-madrid\" tabindex=\"-1\"><img decoding=\"async\" src=\"https:\/\/videoteca.svpediatria.org\/wp-content\/uploads\/elementor\/thumbs\/poster-ragxxfeav7apw9q0chdo03610sj4timv107bbdpb9w.jpg\" title=\"poster\" alt=\"poster\" class=\"elementor-animation-grow\" loading=\"lazy\" \/><\/a><\/figure><div class=\"elementor-image-box-content\"><h3 class=\"elementor-image-box-title\"><a href=\"https:\/\/svpp.vids.io\/videos\/8c9bdab11b1ce6cc06\/botiquin-y-los-primeros-auxilios-dra-elvia-i-badell-madrid\">Botiqu\u00edn de primeros auxilios \u00bfQu\u00e9 debe tener?\u00bfC\u00f3mo y cu\u00e1ndo usarlo?<\/a><\/h3><p class=\"elementor-image-box-description\">Dra. Elvia I. Badell Madrid<\/p><\/div><\/div>\t\t\t\t<\/div>\n\t\t\t\t<div class=\"elementor-element elementor-element-adf4e15 elementor-position-top elementor-widget elementor-widget-image-box\" data-id=\"adf4e15\" data-element_type=\"widget\" data-e-type=\"widget\" data-widget_type=\"image-box.default\">\n\t\t\t\t\t<div class=\"elementor-image-box-wrapper\"><figure class=\"elementor-image-box-img\"><a href=\"https:\/\/svpp.vids.io\/videos\/aa9bdab11e1ee6c220\/rcp-en-ninos-todos-debemos-saber-que-hacer-dra-zaineth-ulloa-marquez\" tabindex=\"-1\"><img decoding=\"async\" src=\"https:\/\/videoteca.svpediatria.org\/wp-content\/uploads\/elementor\/thumbs\/poster-ragxxfeav7apw9q0chdo03610sj4timv107bbdpb9w.jpg\" title=\"poster\" alt=\"poster\" class=\"elementor-animation-grow\" loading=\"lazy\" \/><\/a><\/figure><div class=\"elementor-image-box-content\"><h3 class=\"elementor-image-box-title\"><a href=\"https:\/\/svpp.vids.io\/videos\/aa9bdab11e1ee6c220\/rcp-en-ninos-todos-debemos-saber-que-hacer-dra-zaineth-ulloa-marquez\">RCP en ni\u00f1os: Todos debemos saber qu\u00e9 hacer.<\/a><\/h3><p class=\"elementor-image-box-description\">Dra. Zaineth Ulloa M\u00e1rquez<br><\/p><\/div><\/div>\t\t\t\t<\/div>\n\t\t\t\t\t<\/div>\n\t\t\t\t<\/div>\n\t\t<div class=\"elementor-element elementor-element-28586ba e-con-full e-grid e-con e-child\" data-id=\"28586ba\" data-element_type=\"container\" data-e-type=\"container\">\n\t\t\t\t<div class=\"elementor-element elementor-element-6db1d1d elementor-position-top elementor-widget elementor-widget-image-box\" data-id=\"6db1d1d\" data-element_type=\"widget\" data-e-type=\"widget\" data-widget_type=\"image-box.default\">\n\t\t\t\t\t<div class=\"elementor-image-box-wrapper\"><figure class=\"elementor-image-box-img\"><a href=\"https:\/\/svpp.vids.io\/videos\/aa9bdab2191de3c020\/intoxicacion-alergia-alimentaria-y-anafilaxia-dr-joselit-torres-bermudez\" tabindex=\"-1\"><img decoding=\"async\" src=\"https:\/\/videoteca.svpediatria.org\/wp-content\/uploads\/elementor\/thumbs\/poster-ragxxfeav7apw9q0chdo03610sj4timv107bbdpb9w.jpg\" title=\"poster\" alt=\"poster\" class=\"elementor-animation-grow\" loading=\"lazy\" \/><\/a><\/figure><div class=\"elementor-image-box-content\"><h3 class=\"elementor-image-box-title\"><a href=\"https:\/\/svpp.vids.io\/videos\/aa9bdab2191de3c020\/intoxicacion-alergia-alimentaria-y-anafilaxia-dr-joselit-torres-bermudez\">Intoxicaci\u00f3n, alergia alimentaria y anafilaxia<\/a><\/h3><p class=\"elementor-image-box-description\"><br>Dr. Joselit Torres B.<\/p><\/div><\/div>\t\t\t\t<\/div>\n\t\t\t\t<div class=\"elementor-element elementor-element-1bb94cb elementor-position-top elementor-widget elementor-widget-image-box\" data-id=\"1bb94cb\" data-element_type=\"widget\" data-e-type=\"widget\" data-widget_type=\"image-box.default\">\n\t\t\t\t\t<div class=\"elementor-image-box-wrapper\"><figure class=\"elementor-image-box-img\"><a href=\"https:\/\/svpp.vids.io\/videos\/109bdab11b1de1c49a\/vomitos-diarrea-y-deshidratacion-que-hacer-y-que-no-hacer-dra-morella-salazar-c\" tabindex=\"-1\"><img decoding=\"async\" src=\"https:\/\/videoteca.svpediatria.org\/wp-content\/uploads\/elementor\/thumbs\/poster-ragxxfeav7apw9q0chdo03610sj4timv107bbdpb9w.jpg\" title=\"poster\" alt=\"poster\" class=\"elementor-animation-grow\" loading=\"lazy\" \/><\/a><\/figure><div class=\"elementor-image-box-content\"><h3 class=\"elementor-image-box-title\"><a href=\"https:\/\/svpp.vids.io\/videos\/109bdab11b1de1c49a\/vomitos-diarrea-y-deshidratacion-que-hacer-y-que-no-hacer-dra-morella-salazar-c\">V\u00f3mitos, diarreas y deshidrataci\u00f3n \u00bfQu\u00e9 hacer y qu\u00e9 no hacer?<\/a><\/h3><p class=\"elementor-image-box-description\">Dra. Morella Salazar C. <\/p><\/div><\/div>\t\t\t\t<\/div>\n\t\t\t\t<div class=\"elementor-element elementor-element-a69759a elementor-position-top elementor-widget elementor-widget-image-box\" data-id=\"a69759a\" data-element_type=\"widget\" data-e-type=\"widget\" data-widget_type=\"image-box.default\">\n\t\t\t\t\t<div class=\"elementor-image-box-wrapper\"><figure class=\"elementor-image-box-img\"><a href=\"https:\/\/svpp.vids.io\/videos\/a49bdab11e1ee2c32e\/emergencias-respiratorias-asma-y-rinitis-dra-julia-i-martinez-gutierrez\" tabindex=\"-1\"><img decoding=\"async\" src=\"https:\/\/videoteca.svpediatria.org\/wp-content\/uploads\/elementor\/thumbs\/poster-ragxxfeav7apw9q0chdo03610sj4timv107bbdpb9w.jpg\" title=\"poster\" alt=\"poster\" class=\"elementor-animation-grow\" loading=\"lazy\" \/><\/a><\/figure><div class=\"elementor-image-box-content\"><h3 class=\"elementor-image-box-title\"><a href=\"https:\/\/svpp.vids.io\/videos\/a49bdab11e1ee2c32e\/emergencias-respiratorias-asma-y-rinitis-dra-julia-i-martinez-gutierrez\">Emergencias respiratorias: Asma y rinitis<\/a><\/h3><p class=\"elementor-image-box-description\">Dra. Julia I. Mart\u00ednez G. <\/p><\/div><\/div>\t\t\t\t<\/div>\n\t\t\t\t<\/div>\n\t\t<div class=\"elementor-element elementor-element-6776a3b e-con-full e-grid e-con e-child\" data-id=\"6776a3b\" data-element_type=\"container\" data-e-type=\"container\">\n\t\t\t\t<div class=\"elementor-element elementor-element-fb61a67 elementor-position-top elementor-widget elementor-widget-image-box\" data-id=\"fb61a67\" data-element_type=\"widget\" data-e-type=\"widget\" data-widget_type=\"image-box.default\">\n\t\t\t\t\t<div class=\"elementor-image-box-wrapper\"><figure class=\"elementor-image-box-img\"><a href=\"https:\/\/svpp.vids.io\/videos\/5a9bdab11b1fe6ced0\/tips-de-vacunas-desde-el-preescolar-hasta-el-adolescente-dra-amelia-sarmientos\" tabindex=\"-1\"><img decoding=\"async\" src=\"https:\/\/videoteca.svpediatria.org\/wp-content\/uploads\/elementor\/thumbs\/poster-ragxxfeav7apw9q0chdo03610sj4timv107bbdpb9w.jpg\" title=\"poster\" alt=\"poster\" class=\"elementor-animation-grow\" loading=\"lazy\" \/><\/a><\/figure><div class=\"elementor-image-box-content\"><h3 class=\"elementor-image-box-title\"><a href=\"https:\/\/svpp.vids.io\/videos\/5a9bdab11b1fe6ced0\/tips-de-vacunas-desde-el-preescolar-hasta-el-adolescente-dra-amelia-sarmientos\">Tips de vacunas desde el preescolar hasta el adolescente<\/a><\/h3><p class=\"elementor-image-box-description\">Dra. Amelia Sarmiento<\/p><\/div><\/div>\t\t\t\t<\/div>\n\t\t\t\t<div class=\"elementor-element elementor-element-d7be969 elementor-position-top elementor-widget elementor-widget-image-box\" data-id=\"d7be969\" data-element_type=\"widget\" data-e-type=\"widget\" data-widget_type=\"image-box.default\">\n\t\t\t\t\t<div class=\"elementor-image-box-wrapper\"><figure class=\"elementor-image-box-img\"><a href=\"https:\/\/svpp.vids.io\/videos\/a49bdab11e18e5c22e\/variaciones-del-maltrato-infantil-sindrome-del-nino-maltratado-dr-jose-m-francisco-m\" tabindex=\"-1\"><img decoding=\"async\" src=\"https:\/\/videoteca.svpediatria.org\/wp-content\/uploads\/elementor\/thumbs\/poster-ragxxfeav7apw9q0chdo03610sj4timv107bbdpb9w.jpg\" title=\"poster\" alt=\"poster\" class=\"elementor-animation-grow\" loading=\"lazy\" \/><\/a><\/figure><div class=\"elementor-image-box-content\"><h3 class=\"elementor-image-box-title\"><a href=\"https:\/\/svpp.vids.io\/videos\/a49bdab11e18e5c22e\/variaciones-del-maltrato-infantil-sindrome-del-nino-maltratado-dr-jose-m-francisco-m\">Variaciones del maltrato infantil: S\u00edndrome del ni\u00f1o maltratado.<\/a><\/h3><p class=\"elementor-image-box-description\">Dr. Jos\u00e9 M. Francisco M.<\/p><\/div><\/div>\t\t\t\t<\/div>\n\t\t\t\t<div class=\"elementor-element elementor-element-e95a7b8 elementor-position-top elementor-widget elementor-widget-image-box\" data-id=\"e95a7b8\" data-element_type=\"widget\" data-e-type=\"widget\" data-widget_type=\"image-box.default\">\n\t\t\t\t\t<div class=\"elementor-image-box-wrapper\"><figure class=\"elementor-image-box-img\"><a href=\"https:\/\/svpp.vids.io\/videos\/729bdab11e1de0c3f8\/manejo-de-la-fiebre-en-la-escuela-dr-brayan-infante\" tabindex=\"-1\"><img decoding=\"async\" src=\"https:\/\/videoteca.svpediatria.org\/wp-content\/uploads\/elementor\/thumbs\/poster-ragxxfeav7apw9q0chdo03610sj4timv107bbdpb9w.jpg\" title=\"poster\" alt=\"poster\" class=\"elementor-animation-grow\" loading=\"lazy\" \/><\/a><\/figure><div class=\"elementor-image-box-content\"><h3 class=\"elementor-image-box-title\"><a href=\"https:\/\/svpp.vids.io\/videos\/729bdab11e1de0c3f8\/manejo-de-la-fiebre-en-la-escuela-dr-brayan-infante\">Manejo de la fiebre en la escuela: Puntos clave<\/a><\/h3><p class=\"elementor-image-box-description\">Dr. Brayan Infante<\/p><\/div><\/div>\t\t\t\t<\/div>\n\t\t\t\t<\/div>\n\t\t<div class=\"elementor-element elementor-element-0ae4a86 e-con-full e-grid e-con e-child\" data-id=\"0ae4a86\" data-element_type=\"container\" data-e-type=\"container\">\n\t\t\t\t<div class=\"elementor-element elementor-element-21a13f8 elementor-position-top elementor-widget elementor-widget-image-box\" data-id=\"21a13f8\" data-element_type=\"widget\" data-e-type=\"widget\" data-widget_type=\"image-box.default\">\n\t\t\t\t\t<div class=\"elementor-image-box-wrapper\"><figure class=\"elementor-image-box-img\"><a href=\"https:\/\/svpp.vids.io\/videos\/109bdab11b1ce2c69a\/epidemia-de-dengue-en-el-colegio-dr-amadeo-leiba-ferrer\" tabindex=\"-1\"><img decoding=\"async\" src=\"https:\/\/videoteca.svpediatria.org\/wp-content\/uploads\/elementor\/thumbs\/poster-ragxxfeav7apw9q0chdo03610sj4timv107bbdpb9w.jpg\" title=\"poster\" alt=\"poster\" class=\"elementor-animation-grow\" loading=\"lazy\" \/><\/a><\/figure><div class=\"elementor-image-box-content\"><h3 class=\"elementor-image-box-title\"><a href=\"https:\/\/svpp.vids.io\/videos\/109bdab11b1ce2c69a\/epidemia-de-dengue-en-el-colegio-dr-amadeo-leiba-ferrer\">Epidemia de dengue e influenza en el colegio<\/a><\/h3><p class=\"elementor-image-box-description\">Dr. Amadeo Leiba Ferrer<\/p><\/div><\/div>\t\t\t\t<\/div>\n\t\t\t\t<div class=\"elementor-element elementor-element-e1c4f39 elementor-position-top elementor-widget elementor-widget-image-box\" data-id=\"e1c4f39\" data-element_type=\"widget\" data-e-type=\"widget\" data-widget_type=\"image-box.default\">\n\t\t\t\t\t<div class=\"elementor-image-box-wrapper\"><figure class=\"elementor-image-box-img\"><a href=\"https:\/\/svpp.vids.io\/videos\/aa9bdab11e1fe0c520\/emponzonamiento-y-picaduras-de-insectos-que-hacer-dr-carlos-madera\" tabindex=\"-1\"><img decoding=\"async\" src=\"https:\/\/videoteca.svpediatria.org\/wp-content\/uploads\/elementor\/thumbs\/poster-ragxxfeav7apw9q0chdo03610sj4timv107bbdpb9w.jpg\" title=\"poster\" alt=\"poster\" class=\"elementor-animation-grow\" loading=\"lazy\" \/><\/a><\/figure><div class=\"elementor-image-box-content\"><h3 class=\"elementor-image-box-title\"><a href=\"https:\/\/svpp.vids.io\/videos\/aa9bdab11e1fe0c520\/emponzonamiento-y-picaduras-de-insectos-que-hacer-dr-carlos-madera\">Emponzo\u00f1amiento y picaduras de insectos: \u00bfQu\u00e9 hacer?<\/a><\/h3><p class=\"elementor-image-box-description\"><br>Dr. Carlos Maderas<\/p><\/div><\/div>\t\t\t\t<\/div>\n\t\t\t\t<div class=\"elementor-element elementor-element-b30158e elementor-position-top elementor-widget elementor-widget-image-box\" data-id=\"b30158e\" data-element_type=\"widget\" data-e-type=\"widget\" data-widget_type=\"image-box.default\">\n\t\t\t\t\t<div class=\"elementor-image-box-wrapper\"><figure class=\"elementor-image-box-img\"><a href=\"https:\/\/svpp.vids.io\/videos\/dc9bdab11e1ce0c756\/diabetes-en-la-escuela-hipoglicemia-o-hiperglicemia-que-hacer-dra-marvelys-perez\" tabindex=\"-1\"><img decoding=\"async\" src=\"https:\/\/videoteca.svpediatria.org\/wp-content\/uploads\/elementor\/thumbs\/poster-ragxxfeav7apw9q0chdo03610sj4timv107bbdpb9w.jpg\" title=\"poster\" alt=\"poster\" class=\"elementor-animation-grow\" loading=\"lazy\" \/><\/a><\/figure><div class=\"elementor-image-box-content\"><h3 class=\"elementor-image-box-title\"><a href=\"https:\/\/svpp.vids.io\/videos\/dc9bdab11e1ce0c756\/diabetes-en-la-escuela-hipoglicemia-o-hiperglicemia-que-hacer-dra-marvelys-perez\">Diabetes en la escuela: Hipoglicemia o hiperglicemia \u00bfQu\u00e9 hacer?<\/a><\/h3><p class=\"elementor-image-box-description\">Dra. Marvelyz P\u00e9rez<\/p><\/div><\/div>\t\t\t\t<\/div>\n\t\t\t\t<\/div>\n\t\t<div class=\"elementor-element elementor-element-ec67e37 e-con-full e-grid e-con e-child\" data-id=\"ec67e37\" data-element_type=\"container\" data-e-type=\"container\">\n\t\t\t\t<div class=\"elementor-element elementor-element-c468393 elementor-position-top elementor-widget elementor-widget-image-box\" data-id=\"c468393\" data-element_type=\"widget\" data-e-type=\"widget\" data-widget_type=\"image-box.default\">\n\t\t\t\t\t<div class=\"elementor-image-box-wrapper\"><figure class=\"elementor-image-box-img\"><a href=\"https:\/\/svpp.vids.io\/videos\/489bdab0161ce2cec2\/ahogamiento-y-casi-ahogamiento-dra-nelsi-mar-palacios\" tabindex=\"-1\"><img decoding=\"async\" src=\"https:\/\/videoteca.svpediatria.org\/wp-content\/uploads\/elementor\/thumbs\/poster-ragxxfeav7apw9q0chdo03610sj4timv107bbdpb9w.jpg\" title=\"poster\" alt=\"poster\" class=\"elementor-animation-grow\" loading=\"lazy\" \/><\/a><\/figure><div class=\"elementor-image-box-content\"><h3 class=\"elementor-image-box-title\"><a href=\"https:\/\/svpp.vids.io\/videos\/489bdab0161ce2cec2\/ahogamiento-y-casi-ahogamiento-dra-nelsi-mar-palacios\">Ahogamiento y casi ahogamiento<\/a><\/h3><p class=\"elementor-image-box-description\"><br>Dra. Nelsi Mar Palacios<br><\/p><\/div><\/div>\t\t\t\t<\/div>\n\t\t\t\t<\/div>\n\t\t<div class=\"elementor-element elementor-element-96c526f e-con-full e-grid e-con e-child\" data-id=\"96c526f\" data-element_type=\"container\" data-e-type=\"container\">\n\t\t\t\t<div class=\"elementor-element elementor-element-63eb963 elementor-position-top elementor-widget elementor-widget-image-box\" data-id=\"63eb963\" data-element_type=\"widget\" data-e-type=\"widget\" data-widget_type=\"image-box.default\">\n\t\t\t\t\t<div class=\"elementor-image-box-wrapper\"><figure class=\"elementor-image-box-img\"><a href=\"https:\/\/svpp.vids.io\/videos\/aa9bdab0171de8c720\/emergencias-y-urgencias-en-la-escuela-es-lo-mismo-dr-huniades-urbina\" tabindex=\"-1\"><img decoding=\"async\" src=\"https:\/\/videoteca.svpediatria.org\/wp-content\/uploads\/elementor\/thumbs\/poster-ragxxfeav7apw9q0chdo03610sj4timv107bbdpb9w.jpg\" title=\"poster\" alt=\"poster\" class=\"elementor-animation-grow\" loading=\"lazy\" \/><\/a><\/figure><div class=\"elementor-image-box-content\"><h3 class=\"elementor-image-box-title\"><a href=\"https:\/\/svpp.vids.io\/videos\/aa9bdab0171de8c720\/emergencias-y-urgencias-en-la-escuela-es-lo-mismo-dr-huniades-urbina\">Emergencias y urgencias en la escuela \u00bfEs lo mismo?<\/a><\/h3><p class=\"elementor-image-box-description\">Dr. Hun\u00edades Urbina-Medina<\/p><\/div><\/div>\t\t\t\t<\/div>\n\t\t\t\t<\/div>\n\t\t\t\t<\/div>\n\t\t\t\t<\/div>\n\t\t\t\t\t<\/div>\n\t\t\t\t<\/div>\n\t\t\t\t<\/div>\n\t\t","protected":false},"excerpt":{"rendered":"<p>Prevenci\u00f3n en la Escuela Curso para maestros: Orientado a prevenir accidentes en la escuela as\u00ed como el manejo de emergencias &lt;desde preescolar hasta bachillerato Cuerpos extra\u00f1os en el ni\u00f1o \u00bfQu\u00e9 hacer? Dr. C\u00e9sar Lares Bigott Botiqu\u00edn de primeros auxilios \u00bfQu\u00e9 debe tener?\u00bfC\u00f3mo y cu\u00e1ndo usarlo? Dra. Elvia I. Badell Madrid RCP en ni\u00f1os: Todos debemos&hellip;&nbsp;<a href=\"https:\/\/videoteca.svpediatria.org\/?page_id=434\" rel=\"bookmark\"><span class=\"screen-reader-text\">Prevenci\u00f3n en la Escuela<\/span><\/a><\/p>\n","protected":false},"author":1,"featured_media":0,"parent":0,"menu_order":0,"comment_status":"closed","ping_status":"closed","template":"page-templates\/template-pagebuilder-full-width.php","meta":{"neve_meta_sidebar":"","neve_meta_container":"","neve_meta_enable_content_width":"","neve_meta_content_width":0,"neve_meta_title_alignment":"","neve_meta_author_avatar":"","neve_post_elements_order":"","neve_meta_disable_header":"","neve_meta_disable_footer":"","neve_meta_disable_title":"","footnotes":""},"class_list":["post-434","page","type-page","status-publish","hentry"],"_links":{"self":[{"href":"https:\/\/videoteca.svpediatria.org\/index.php?rest_route=\/wp\/v2\/pages\/434","targetHints":{"allow":["GET"]}}],"collection":[{"href":"https:\/\/videoteca.svpediatria.org\/index.php?rest_route=\/wp\/v2\/pages"}],"about":[{"href":"https:\/\/videoteca.svpediatria.org\/index.php?rest_route=\/wp\/v2\/types\/page"}],"author":[{"embeddable":true,"href":"https:\/\/videoteca.svpediatria.org\/index.php?rest_route=\/wp\/v2\/users\/1"}],"replies":[{"embeddable":true,"href":"https:\/\/videoteca.svpediatria.org\/index.php?rest_route=%2Fwp%2Fv2%2Fcomments&post=434"}],"version-history":[{"count":58,"href":"https:\/\/videoteca.svpediatria.org\/index.php?rest_route=\/wp\/v2\/pages\/434\/revisions"}],"predecessor-version":[{"id":1990,"href":"https:\/\/videoteca.svpediatria.org\/index.php?rest_route=\/wp\/v2\/pages\/434\/revisions\/1990"}],"wp:attachment":[{"href":"https:\/\/videoteca.svpediatria.org\/index.php?rest_route=%2Fwp%2Fv2%2Fmedia&parent=434"}],"curies":[{"name":"wp","href":"https:\/\/api.w.org\/{rel}","templated":true}]}}