{"id":80,"date":"2025-08-19T01:27:02","date_gmt":"2025-08-19T01:27:02","guid":{"rendered":"https:\/\/videoteca.svpediatria.org\/?page_id=80"},"modified":"2026-01-13T00:47:53","modified_gmt":"2026-01-13T00:47:53","slug":"elementor-80","status":"publish","type":"page","link":"https:\/\/videoteca.svpediatria.org\/","title":{"rendered":"Inicio"},"content":{"rendered":"\t\t<div data-elementor-type=\"wp-page\" data-elementor-id=\"80\" class=\"elementor elementor-80\">\n\t\t\t\t<div class=\"elementor-element elementor-element-91b9b86 e-flex e-con-boxed e-con e-parent\" data-id=\"91b9b86\" data-element_type=\"container\" data-e-type=\"container\">\n\t\t\t\t\t<div class=\"e-con-inner\">\n\t\t\t\t<div class=\"elementor-element elementor-element-6e5b0a7 elementor-widget elementor-widget-text-editor\" data-id=\"6e5b0a7\" data-element_type=\"widget\" data-e-type=\"widget\" data-widget_type=\"text-editor.default\">\n\t\t\t\t\t\t\t\t\t<p><img fetchpriority=\"high\" decoding=\"async\" class=\"aligncenter wp-image-89 size-large\" src=\"https:\/\/videoteca.svpediatria.org\/wp-content\/uploads\/2025\/08\/fondo5-1024x576.png\" alt=\"\" width=\"1024\" height=\"576\" srcset=\"https:\/\/videoteca.svpediatria.org\/wp-content\/uploads\/2025\/08\/fondo5-1024x576.png 1024w, https:\/\/videoteca.svpediatria.org\/wp-content\/uploads\/2025\/08\/fondo5-300x169.png 300w, https:\/\/videoteca.svpediatria.org\/wp-content\/uploads\/2025\/08\/fondo5-768x432.png 768w, https:\/\/videoteca.svpediatria.org\/wp-content\/uploads\/2025\/08\/fondo5-1536x864.png 1536w, https:\/\/videoteca.svpediatria.org\/wp-content\/uploads\/2025\/08\/fondo5-2048x1153.png 2048w\" sizes=\"(max-width: 1024px) 100vw, 1024px\" \/><\/p>\t\t\t\t\t\t\t\t<\/div>\n\t\t\t\t\t<\/div>\n\t\t\t\t<\/div>\n\t\t<div class=\"elementor-element elementor-element-3ceb2e9 e-flex e-con-boxed e-con e-parent\" data-id=\"3ceb2e9\" data-element_type=\"container\" data-e-type=\"container\">\n\t\t\t\t\t<div class=\"e-con-inner\">\n\t\t<div class=\"elementor-element elementor-element-9399aa9 e-grid e-con-full e-con e-child\" data-id=\"9399aa9\" data-element_type=\"container\" data-e-type=\"container\" data-settings=\"{&quot;background_background&quot;:&quot;slideshow&quot;,&quot;background_slideshow_gallery&quot;:[],&quot;background_slideshow_loop&quot;:&quot;yes&quot;,&quot;background_slideshow_slide_duration&quot;:5000,&quot;background_slideshow_slide_transition&quot;:&quot;fade&quot;,&quot;background_slideshow_transition_duration&quot;:500}\">\n\t\t\t\t<div class=\"elementor-element elementor-element-51c2004 elementor-widget elementor-widget-image\" data-id=\"51c2004\" data-element_type=\"widget\" data-e-type=\"widget\" data-widget_type=\"image.default\">\n\t\t\t\t\t\t\t\t\t\t\t\t<figure class=\"wp-caption\">\n\t\t\t\t\t\t\t\t\t\t\t<a href=\"https:\/\/videoteca.svpediatria.org\/?page_id=118\">\n\t\t\t\t\t\t\t<img decoding=\"async\" width=\"270\" height=\"300\" src=\"https:\/\/videoteca.svpediatria.org\/wp-content\/uploads\/2025\/08\/Congreso2-270x300.png\" class=\"elementor-animation-grow attachment-medium size-medium wp-image-63\" alt=\"\" srcset=\"https:\/\/videoteca.svpediatria.org\/wp-content\/uploads\/2025\/08\/Congreso2-270x300.png 270w, https:\/\/videoteca.svpediatria.org\/wp-content\/uploads\/2025\/08\/Congreso2.png 381w\" sizes=\"(max-width: 270px) 100vw, 270px\" \/>\t\t\t\t\t\t\t\t<\/a>\n\t\t\t\t\t\t\t\t\t\t\t<figcaption class=\"widget-image-caption wp-caption-text\">Congresos Venezolanos<\/figcaption>\n\t\t\t\t\t\t\t\t\t\t<\/figure>\n\t\t\t\t\t\t\t\t\t<\/div>\n\t\t\t\t<div class=\"elementor-element elementor-element-2aa41b9 elementor-widget elementor-widget-image\" data-id=\"2aa41b9\" data-element_type=\"widget\" data-e-type=\"widget\" data-widget_type=\"image.default\">\n\t\t\t\t\t\t\t\t\t\t\t\t<figure class=\"wp-caption\">\n\t\t\t\t\t\t\t\t\t\t\t<a href=\"https:\/\/videoteca.svpediatria.org\/?page_id=131\">\n\t\t\t\t\t\t\t<img decoding=\"async\" width=\"291\" height=\"300\" src=\"https:\/\/videoteca.svpediatria.org\/wp-content\/uploads\/2025\/08\/Jornadas-291x300.png\" class=\"elementor-animation-grow attachment-medium size-medium wp-image-65\" alt=\"\" srcset=\"https:\/\/videoteca.svpediatria.org\/wp-content\/uploads\/2025\/08\/Jornadas-291x300.png 291w, https:\/\/videoteca.svpediatria.org\/wp-content\/uploads\/2025\/08\/Jornadas.png 439w\" sizes=\"(max-width: 291px) 100vw, 291px\" \/>\t\t\t\t\t\t\t\t<\/a>\n\t\t\t\t\t\t\t\t\t\t\t<figcaption class=\"widget-image-caption wp-caption-text\">Jornadas Regionales<\/figcaption>\n\t\t\t\t\t\t\t\t\t\t<\/figure>\n\t\t\t\t\t\t\t\t\t<\/div>\n\t\t\t\t<div class=\"elementor-element elementor-element-306e649 elementor-widget elementor-widget-image\" data-id=\"306e649\" data-element_type=\"widget\" data-e-type=\"widget\" data-widget_type=\"image.default\">\n\t\t\t\t\t\t\t\t\t\t\t\t<figure class=\"wp-caption\">\n\t\t\t\t\t\t\t\t\t\t\t<a href=\"https:\/\/videoteca.svpediatria.org\/?page_id=624\">\n\t\t\t\t\t\t\t<img loading=\"lazy\" decoding=\"async\" width=\"291\" height=\"300\" src=\"https:\/\/videoteca.svpediatria.org\/wp-content\/uploads\/2025\/08\/Guias-Medicas-291x300.png\" class=\"elementor-animation-grow attachment-medium size-medium wp-image-66\" alt=\"\" srcset=\"https:\/\/videoteca.svpediatria.org\/wp-content\/uploads\/2025\/08\/Guias-Medicas-291x300.png 291w, https:\/\/videoteca.svpediatria.org\/wp-content\/uploads\/2025\/08\/Guias-Medicas.png 439w\" sizes=\"(max-width: 291px) 100vw, 291px\" \/>\t\t\t\t\t\t\t\t<\/a>\n\t\t\t\t\t\t\t\t\t\t\t<figcaption class=\"widget-image-caption wp-caption-text\">Gu\u00edas M\u00e9dicas<\/figcaption>\n\t\t\t\t\t\t\t\t\t\t<\/figure>\n\t\t\t\t\t\t\t\t\t<\/div>\n\t\t\t\t<\/div>\n\t\t\t\t\t<\/div>\n\t\t\t\t<\/div>\n\t\t<div class=\"elementor-element elementor-element-5f0196b e-flex e-con-boxed e-con e-parent\" data-id=\"5f0196b\" data-element_type=\"container\" data-e-type=\"container\">\n\t\t\t\t\t<div class=\"e-con-inner\">\n\t\t<div class=\"elementor-element elementor-element-330a6e2 e-grid e-con-full e-con e-child\" data-id=\"330a6e2\" data-element_type=\"container\" data-e-type=\"container\" data-settings=\"{&quot;background_background&quot;:&quot;slideshow&quot;,&quot;background_slideshow_gallery&quot;:[],&quot;background_slideshow_loop&quot;:&quot;yes&quot;,&quot;background_slideshow_slide_duration&quot;:5000,&quot;background_slideshow_slide_transition&quot;:&quot;fade&quot;,&quot;background_slideshow_transition_duration&quot;:500}\">\n\t\t\t\t<div class=\"elementor-element elementor-element-e2c1815 elementor-invisible elementor-widget elementor-widget-text-editor\" data-id=\"e2c1815\" data-element_type=\"widget\" data-e-type=\"widget\" data-settings=\"{&quot;_animation&quot;:&quot;zoomIn&quot;}\" data-widget_type=\"text-editor.default\">\n\t\t\t\t\t\t\t\t\t<h1><span style=\"color: #165ec4;\"><strong>EVENTOS\u00a0<\/strong><\/span><\/h1>\n<p>Ent\u00e9rese de los eventos que la Sociedad Venezolana de Pediatr\u00eda organizar\u00e1 pr\u00f3ximamente y que pronto tendremos en nuestra videoteca.<\/p>\t\t\t\t\t\t\t\t<\/div>\n\t\t\t\t<\/div>\n\t\t\t\t\t<\/div>\n\t\t\t\t<\/div>\n\t\t<div class=\"elementor-element elementor-element-84e2212 e-flex e-con-boxed e-con e-parent\" data-id=\"84e2212\" data-element_type=\"container\" data-e-type=\"container\">\n\t\t\t\t\t<div class=\"e-con-inner\">\n\t\t<div class=\"elementor-element elementor-element-3d44bdf e-grid e-con-full e-con e-child\" data-id=\"3d44bdf\" data-element_type=\"container\" data-e-type=\"container\" data-settings=\"{&quot;background_background&quot;:&quot;slideshow&quot;,&quot;background_slideshow_gallery&quot;:[],&quot;background_slideshow_loop&quot;:&quot;yes&quot;,&quot;background_slideshow_slide_duration&quot;:5000,&quot;background_slideshow_slide_transition&quot;:&quot;fade&quot;,&quot;background_slideshow_transition_duration&quot;:500}\">\n\t\t\t\t<div class=\"elementor-element elementor-element-cbeafae elementor-widget elementor-widget-image\" data-id=\"cbeafae\" data-element_type=\"widget\" data-e-type=\"widget\" data-widget_type=\"image.default\">\n\t\t\t\t\t\t\t\t\t\t\t\t\t\t\t\t<a href=\"https:\/\/videoteca.svpediatria.org\/?page_id=493\">\n\t\t\t\t\t\t\t<img loading=\"lazy\" decoding=\"async\" width=\"768\" height=\"1365\" src=\"https:\/\/videoteca.svpediatria.org\/wp-content\/uploads\/2025\/08\/Lactan2025-768x1365.jpg\" class=\"elementor-animation-grow attachment-medium_large size-medium_large wp-image-70\" alt=\"\" srcset=\"https:\/\/videoteca.svpediatria.org\/wp-content\/uploads\/2025\/08\/Lactan2025-768x1365.jpg 768w, https:\/\/videoteca.svpediatria.org\/wp-content\/uploads\/2025\/08\/Lactan2025-169x300.jpg 169w, https:\/\/videoteca.svpediatria.org\/wp-content\/uploads\/2025\/08\/Lactan2025-576x1024.jpg 576w, https:\/\/videoteca.svpediatria.org\/wp-content\/uploads\/2025\/08\/Lactan2025-864x1536.jpg 864w, https:\/\/videoteca.svpediatria.org\/wp-content\/uploads\/2025\/08\/Lactan2025-1152x2048.jpg 1152w, https:\/\/videoteca.svpediatria.org\/wp-content\/uploads\/2025\/08\/Lactan2025-scaled.jpg 1440w\" sizes=\"(max-width: 768px) 100vw, 768px\" \/>\t\t\t\t\t\t\t\t<\/a>\n\t\t\t\t\t\t\t\t\t\t\t\t\t\t\t<\/div>\n\t\t\t\t<div class=\"elementor-element elementor-element-d70d3c4 elementor-widget elementor-widget-image\" data-id=\"d70d3c4\" data-element_type=\"widget\" data-e-type=\"widget\" data-widget_type=\"image.default\">\n\t\t\t\t\t\t\t\t\t\t\t\t\t\t\t\t<a href=\"https:\/\/www.svpediatria.org\/secciones\/eventos\/LXXI%20congreso-venezolano-de-puericultura-y-pediatria\/\">\n\t\t\t\t\t\t\t<img loading=\"lazy\" decoding=\"async\" width=\"663\" height=\"1024\" src=\"https:\/\/videoteca.svpediatria.org\/wp-content\/uploads\/2025\/08\/CPedi2025-663x1024.jpg\" class=\"elementor-animation-grow attachment-large size-large wp-image-71\" alt=\"\" srcset=\"https:\/\/videoteca.svpediatria.org\/wp-content\/uploads\/2025\/08\/CPedi2025-663x1024.jpg 663w, https:\/\/videoteca.svpediatria.org\/wp-content\/uploads\/2025\/08\/CPedi2025-194x300.jpg 194w, https:\/\/videoteca.svpediatria.org\/wp-content\/uploads\/2025\/08\/CPedi2025-768x1187.jpg 768w, https:\/\/videoteca.svpediatria.org\/wp-content\/uploads\/2025\/08\/CPedi2025-994x1536.jpg 994w, https:\/\/videoteca.svpediatria.org\/wp-content\/uploads\/2025\/08\/CPedi2025.jpg 1000w\" sizes=\"(max-width: 663px) 100vw, 663px\" \/>\t\t\t\t\t\t\t\t<\/a>\n\t\t\t\t\t\t\t\t\t\t\t\t\t\t\t<\/div>\n\t\t\t\t<\/div>\n\t\t\t\t\t<\/div>\n\t\t\t\t<\/div>\n\t\t<div class=\"elementor-element elementor-element-eee3a26 elementor-hidden-mobile e-flex e-con-boxed e-con e-parent\" data-id=\"eee3a26\" data-element_type=\"container\" data-e-type=\"container\">\n\t\t\t\t\t<div class=\"e-con-inner\">\n\t\t<div class=\"elementor-element elementor-element-2e954cf e-grid e-con-full e-con e-child\" data-id=\"2e954cf\" data-element_type=\"container\" data-e-type=\"container\" data-settings=\"{&quot;background_background&quot;:&quot;slideshow&quot;,&quot;background_slideshow_gallery&quot;:[],&quot;background_slideshow_loop&quot;:&quot;yes&quot;,&quot;background_slideshow_slide_duration&quot;:5000,&quot;background_slideshow_slide_transition&quot;:&quot;fade&quot;,&quot;background_slideshow_transition_duration&quot;:500}\">\n\t\t\t\t<div class=\"elementor-element elementor-element-9c2c0e1 elementor-invisible elementor-widget elementor-widget-text-editor\" data-id=\"9c2c0e1\" data-element_type=\"widget\" data-e-type=\"widget\" data-settings=\"{&quot;_animation&quot;:&quot;zoomIn&quot;}\" data-widget_type=\"text-editor.default\">\n\t\t\t\t\t\t\t\t\t<h4><span style=\"color: #165ec4;\"><strong>V Congreso Venezolano de Lactancia Humana y Nutrici\u00f3n en ni\u00f1os menores de 5 a\u00f1os<\/strong><\/span><\/h4>\t\t\t\t\t\t\t\t<\/div>\n\t\t\t\t<div class=\"elementor-element elementor-element-6f2bf1b elementor-invisible elementor-widget elementor-widget-text-editor\" data-id=\"6f2bf1b\" data-element_type=\"widget\" data-e-type=\"widget\" data-settings=\"{&quot;_animation&quot;:&quot;zoomIn&quot;}\" data-widget_type=\"text-editor.default\">\n\t\t\t\t\t\t\t\t\t<h4><span style=\"color: #165ec4;\"><strong>LXXI Congreso Venezolano de Puericultura y Pediatr\u00eda<\/strong><\/span><\/h4>\n<h6><span style=\"color: #000000;\">Dra. Coromoto Mac\u00edas De Tomei<\/span><\/h6>\t\t\t\t\t\t\t\t<\/div>\n\t\t\t\t<\/div>\n\t\t\t\t\t<\/div>\n\t\t\t\t<\/div>\n\t\t\t\t<\/div>\n\t\t","protected":false},"excerpt":{"rendered":"<p>Congresos Venezolanos Jornadas Regionales Gu\u00edas M\u00e9dicas EVENTOS\u00a0 Ent\u00e9rese de los eventos que la Sociedad Venezolana de Pediatr\u00eda organizar\u00e1 pr\u00f3ximamente y que pronto tendremos en nuestra videoteca. V Congreso Venezolano de Lactancia Humana y Nutrici\u00f3n en ni\u00f1os menores de 5 a\u00f1os LXXI Congreso Venezolano de Puericultura y Pediatr\u00eda Dra. Coromoto Mac\u00edas De Tomei<\/p>\n","protected":false},"author":1,"featured_media":0,"parent":0,"menu_order":0,"comment_status":"closed","ping_status":"closed","template":"page-templates\/template-pagebuilder-full-width.php","meta":{"neve_meta_sidebar":"","neve_meta_container":"","neve_meta_enable_content_width":"","neve_meta_content_width":0,"neve_meta_title_alignment":"","neve_meta_author_avatar":"","neve_post_elements_order":"","neve_meta_disable_header":"","neve_meta_disable_footer":"","neve_meta_disable_title":"","footnotes":""},"class_list":["post-80","page","type-page","status-publish","hentry"],"_links":{"self":[{"href":"https:\/\/videoteca.svpediatria.org\/index.php?rest_route=\/wp\/v2\/pages\/80","targetHints":{"allow":["GET"]}}],"collection":[{"href":"https:\/\/videoteca.svpediatria.org\/index.php?rest_route=\/wp\/v2\/pages"}],"about":[{"href":"https:\/\/videoteca.svpediatria.org\/index.php?rest_route=\/wp\/v2\/types\/page"}],"author":[{"embeddable":true,"href":"https:\/\/videoteca.svpediatria.org\/index.php?rest_route=\/wp\/v2\/users\/1"}],"replies":[{"embeddable":true,"href":"https:\/\/videoteca.svpediatria.org\/index.php?rest_route=%2Fwp%2Fv2%2Fcomments&post=80"}],"version-history":[{"count":55,"href":"https:\/\/videoteca.svpediatria.org\/index.php?rest_route=\/wp\/v2\/pages\/80\/revisions"}],"predecessor-version":[{"id":1994,"href":"https:\/\/videoteca.svpediatria.org\/index.php?rest_route=\/wp\/v2\/pages\/80\/revisions\/1994"}],"wp:attachment":[{"href":"https:\/\/videoteca.svpediatria.org\/index.php?rest_route=%2Fwp%2Fv2%2Fmedia&parent=80"}],"curies":[{"name":"wp","href":"https:\/\/api.w.org\/{rel}","templated":true}]}}